hen 885091 is divided by 232?
11
Calculate the remainder when 1014143 is divided by 14696.
119
Calculate the remainder when 2854557 is divided by 40.
37
What is the remainder when 264047 is divided by 263967?
80
Calculate the remainder when 14802336 is divided by 1057309.
10
What is the remainder when 78695 is divided by 2358?
881
Calculate the remainder when 5284003 is divided by 87.
58
Calculate the remainder when 75192506 is divided by 2151.
2150
What is the remainder when 16927756 is divided by 116?
108
What is the remainder when 803581 is divided by 803286?
295
What is the remainder when 219223 is divided by 205700?
13523
What is the remainder when 366816 is divided by 185?
146
What is the remainder when 83697179 is divided by 60?
59
Calculate the remainder when 4286 is divided by 113.
105
What is the remainder when 3062220 is divided by 33?
18
Calculate the remainder when 178554722 is divided by 9038.
9032
Calculate the remainder when 1523892 is divided by 274.
178
Calculate the remainder when 616985 is divided by 2004.
1757
What is the remainder when 1779699 is divided by 156?
51
Calculate the remainder when 317448532 is divided by 4359.
4357
What is the remainder when 371953 is divided by 547?
540
What is the remainder when 140967 is divided by 10455?
5052
Calculate the remainder when 411191 is divided by 25493.
3303
What is the remainder when 10941126 is divided by 2188223?
11
What is the remainder when 2047985 is divided by 2047813?
172
Calculate the remainder when 10849 is divided by 10766.
83
What is the remainder when 887374 is divided by 30?
4
What is the remainder when 42042 is divided by 233?
102
What is the remainder when 361204 is divided by 1871?
101
Calculate the remainder when 422281 is divided by 10024.
1273
What is the remainder when 160211 is divided by 175?
86
What is the remainder when 377944948 is divided by 1156?
1152
Calculate the remainder when 1228055 is divided by 306966.
191
What is the remainder when 743673 is divided by 92940?
153
What is the remainder when 344221 is divided by 9?
7
What is the remainder when 221987 is divided by 44387?
52
Calculate the remainder when 456422 is divided by 2870.
92
Calculate the remainder when 60779766 is divided by 43.
40
What is the remainder when 37683889 is divided by 118?
117
Calculate the remainder when 48442498 is divided by 15.
13
Calculate the remainder when 8244598 is divided by 39.
37
Calculate the remainder when 1741904 is divided by 373.
367
What is the remainder when 234592 is divided by 19491?
700
Calculate the remainder when 38538 is divided by 18490.
1558
What is the remainder when 1068221 is divided by 468?
245
What is the remainder when 28942 is divided by 27174?
1768
What is the remainder when 42805 is divided by 5215?
1085
What is the remainder when 1349542 is divided by 844?
830
Calculate the remainder when 5370657 is divided by 44385.
72
What is the remainder when 20898 is divided by 20798?
100
Calculate the remainder when 713310 is divided by 680.
670
Calculate the remainder when 16973459 is divided by 60.
59
What is the remainder when 962287 is divided by 962284?
3
Calculate the remainder when 966790 is divided by 193277.
405
Calculate the remainder when 2410233 is divided by 76.
45
What is the remainder when 258076 is divided by 85907?
355
Calculate the remainder when 448300 is divided by 299.
99
Calculate the remainder when 27004 is divided by 173.
16
Calculate the remainder when 4773411 is divided by 14553.
27
What is the remainder when 227642888 is divided by 29?
22
What is the remainder when 748956 is divided by 8047?
585
Calculate the remainder when 175423 is divided by 40977.
11515
Calculate the remainder when 66964 is divided by 319.
293
Calculate the remainder when 56065574 is divided by 16766.
70
Calculate the remainder when 18082300 is divided by 14713.
23
What is the remainder when 2217369 is divided by 69287?
185
What is the remainder when 516838 is divided by 277?
233
What is the remainder when 227889224 is divided by 1233?
1232
Calculate the remainder when 440728 is divided by 322.
232
Calculate the remainder when 2841043 is divided by 6546.
79
What is the remainder when 2326869 is divided by 1808?
1781
Calculate the remainder when 80580 is divided by 15367.
3745
What is the remainder when 25962166 is divided by 7?
6
What is the remainder when 590082 is divided by 73527?
1866
What is the remainder when 21182 is divided by 2392?
2046
Calculate the remainder when 2896098 is divided by 724022.
10
Calculate the remainder when 686058 is divided by 921.
834
Calculate the remainder when 46055295 is divided by 15351755.
30
Calculate the remainder when 8552599 is divided by 2980.
2979
What is the remainder when 69403281 is divided by 12?
9
What is the remainder when 137115353 is divided by 6461?
11
What is the remainder when 537580 is divided by 31615?
125
What is the remainder when 26800759 is divided by 68?
55
Calculate the remainder when 10365 is divided by 5108.
149
Calculate the remainder when 83609547 is divided by 59.
57
Calculate the remainder when 13356595 is divided by 734.
731
Calculate the remainder when 8425 is divided by 5045.
3380
Calculate the remainder when 360840 is divided by 360721.
119
What is the remainder when 27052087 is divided by 65?
62
What is the remainder when 4459684 is divided by 532?
460
Calculate the remainder when 209733 is divided by 4112.
21
What is the remainder when 15254356 is divided by 814?
810
Calculate the remainder when 49379 is divided by 48082.
1297
Calculate the remainder when 286354844 is divided by 13.
9
Calculate the remainder when 122919 is divided by 457.
443
What is the remainder when 49651026 is divided by 359790?
6
Calculate the remainder when 65341830 is divided by 661.
658
What is the remainder when 14126245 is divided by 178?
165
What is the remainder when 34250278 is divided by 24?
22
Calculate the remainder when 194864 is divided by 194861.
3
What is the remainder when 64159410 is divided by 439?
438
What is the remainder when 2553975 is divided by 40?
15
Calculate the remainder when 8783284 is divided by 68.
64
What is the remainder when 253712 is divided by 451?
250
Calculate the remainder when 253714 is divided by 253706.
8
Calculate the remainder when 12083 is divided by 3348.
2039
What is the remainder when 4866125 is divided by 34507?
638
Calculate the remainder when 69198 is divided by 482.
272
Calculate the remainder when 11101296 is divided by 11101072.
224
Calculate the remainder when 30147343 is divided by 317.
9
Calculate the remainder when 3611097 is divided by 401232.
9
What is the remainder when 2571291 is divided by 247?
21
What is the remainder when 145355 is divided by 185?
130
Calculate the remainder when 3371837 is divided by 3016.
2965
Calculate the remainder when 1333415 is divided by 193.
171
What is the remainder when 82119028 is divided by 5105?
5103
What is the remainder when 4215018 is divided by 4547?
4496
What is the remainder when 214560 is divided by 382?
258
What is the remainder when 130853 is divided by 5478?
4859
Calculate the remainder when 625027 is divided by 44.
7
Calculate the remainder when 63285888 is divided by 10.
8
What is the remainder when 80299 is divided by 6687?
55
What is the remainder when 69131232 is divided by 253?
247
Calculate the remainder when 146265 is divided by 3253.
3133
What is the remainder when 1968029 is divided by 4800?
29
Calculate the remainder when 154597 is divided by 1642.
249
What is the remainder when 200319 is divided by 10539?
78
Calculate the remainder when 30018733 is divided by 183041.
9
Calculate the remainder when 188042136 is divided by 5605.
5596
What is the remainder when 686542 is divided by 29?
25
Calculate the remainder when 9963725 is divided by 1067.
79
Calculate the remainder when 21060 is divided by 10524.
12
What is the remainder when 33344 is divided by 1759?
1682
What is the remainder when 421526 is divided by 210693?
140
What is the remainder when 19110545 is divided by 383?
377
What is the remainder when 32530 is divided by 11008?
10514
What is the remainder when 1551023 is divided by 1336?
1263
What is the remainder when 71144 is divided by 1346?
1152
Calculate the remainder when 1082136